 the remainder when 104 is divided by u(-7).
20
Let s(a) be the second derivative of 2*a**3/3 - 8*a**2 + 20*a. Calculate the remainder when 1/(1 - 20/21) is divided by s(7).
9
Suppose -23*c = -10*c - 195. Calculate the remainder when 47 is divided by c.
2
Suppose 4*u + 0*r - 526 = -r, 4 = 2*r. What is the remainder when u is divided by 27?
23
Let m be (-2)/(-9)*18/2. Suppose 125 = 3*c + m*c. Suppose 121 = -v + 6*v - 4*l, -v + c = -l. Calculate the remainder when 81 is divided by v.
18
Suppose -f + 91 = -4*w - 65, -4*f + 4*w + 672 = 0. Calculate the remainder when f is divided by 48.
28
Let t = -10 - -13. Let b(a) = 3*a**2 + 2*a - 6. What is the remainder when 107 is divided by b(t)?
26
Suppose 0 = 14*s - 3*s - 275. Calculate the remainder when s is divided by 7.
4
Let p(a) = -6*a + 125. Calculate the remainder when p(-28) is divided by 59.
57
Suppose 2*z = 3*r + 98, -7*r - 122 = -2*z - 10*r. What is the remainder when 234 is divided by z?
14
Suppose 0 = 11*k - 0 - 143. Calculate the remainder when 30 is divided by k.
4
Suppose -2948 = -7*g - 463. Let j = -253 + g. Suppose 0 = -4*s + 2*z + 130, 10 + 10 = 4*z. Calculate the remainder when j is divided by s.
32
Let f be -4 + (105 - 5/5). Let r = 210 - f. Calculate the remainder when r is divided by 8.
6
Let u(r) = r**3 + 5*r**2 + 3*r + 4. Let t be u(-3). Let n = t - 2. What is the remainder when 7/(-14)*4 - -23 is divided by n?
10
Suppose -3*i - 4*y = -i + 4, -5*i - 2*y + 14 = 0. Let w(f) = 8*f + 82. Calculate the remainder when ((-6)/9)/(i/(-18)) is divided by w(-10).
1
Suppose -2*k = 3*v + 5 + 21, v - 2*k - 2 = 0. Let q = -5 - v. What is the remainder when 5 is divided by q?
0
Let m = 30 + -6. Let y(i) = -8*i + 1. What is the remainder when m is divided by y(-1)?
6
Suppose -2*z = -f + 5*f - 156, z = 0. Calculate the remainder when f is divided by 14.
11
Let j = 202 + -168. Calculate the remainder when 269 is divided by j.
31
Let l(n) = -n**3 + 34*n**2 + 382*n - 33. What is the remainder when 2/(1 - (-16)/(-18)) is divided by l(-9)?
6
Let l = -18 + 23. Suppose l*k - 3*h + h = 109, 2*k = h + 44. Calculate the remainder when 58 is divided by k.
16
Suppose 2*k - 6 = k. Suppose -k*r - 3 = -7*r. Suppose 4*l + r*z = -0*z + 47, 2*z + 76 = 5*l. Calculate the remainder when 54 is divided by l.
12
Let q(d) = -d**2 + 16*d - 10. Let h(f) = -4*f + 30. Let g be h(5). Calculate the remainder when 299 is divided by q(g).
49
Suppose 3*x = 4*a - 193, 3*x = a - 0*x - 37. Let s = a - 34. What is the remainder when s is divided by 5?
3
Let l = -69 + 75. Let v(t) = t**3 + 4*t**2 - 4*t + 4. Let q be v(-5). Let x = 8 - q. What is the remainder when x is divided by l?
3
Let f be 2/5*(-50)/(-4). Let l(r) = f*r - 1 + 4 + 4*r + 3. Calculate the remainder when l(3) is divided by 12.
9
Let q(y) = y**2 + y - 2*y**2 + 3*y**2 - 4. Let o(b) = -b**2 + b + 3. Let s be o(-2). Calculate the remainder when q(s) is divided by 3.
2
Suppose 252 = 29*m - 444. What is the remainder when 428 is divided by m?
20
Let w(q) = 8*q**2 - 4 - q + q - 16*q**2 + 2*q + q**3. Let g(a) = 7*a**3 + 2*a**2 - a. Let c be g(1). Calculate the remainder when 35 is divided by w(c).
11
Let m = 31 + -30. Let k(s) = s**3 + 6*s**2 - 8*s + 10. Let z be k(-7). Calculate the remainder when 29 is divided by z - (m - 1 - -1).
13
Let y(x) = x**2 - 8*x + 10. Let o be y(7). Suppose -w + o*w = 4. Suppose -4*p = p + 5*s, 0 = -3*p + w*s + 15. What is the remainder when 4 is divided by p?
1
Let w be (-6)/9 + 2/(-6). Let u = 9 - w. Let h = 612 + -583. Calculate the remainder when h is divided by u.
9
Let d = 352 - 337. What is the remainder when d is divided by 11?
4
Suppose 3 - 12 = -3*p. Suppose -124 = p*g + 8. Let v = -10 - g. What is the remainder when 65 is divided by v?
31
Let a = 1836 + -1816. What is the remainder when 386 is divided by a?
6
Let v = 58 - -195. What is the remainder when v is divided by 49?
8
Let d be (15/(-6))/((-1)/6). Calculate the remainder when 110/8 - d/(-60) is divided by 5.
4
Let t be (2 - 3)*(1 + -4). Let k(f) = -f**3 + 5*f**2 - 3*f - 4. Let h be k(t). Suppose h*z + 10 = 50. Calculate the remainder when 15 is divided by z.
7
Let a = -711 - -736. Calculate the remainder when 85 is divided by a.
10
Suppose 2*l = 5*l - 6, 28 = 3*p + 2*l. What is the remainder when 31 is divided by p?
7
Suppose -3*b + 75 = 41*v - 45*v, -2*b + 50 = 5*v. What is the remainder when 168 is divided by b?
18
Suppose 3*s - 893 = 5*n - 37, 0 = 5*n + 25. What is the remainder when s is divided by 14?
11
Let z = 7 + -25. Let n = z - -62. Suppose 4*l + u = 86, 3*l + u - n = 20. What is the remainder when l is divided by 6?
4
Let h(j) be the third derivative of j**6/120 - j**5/15 - j**4/4 + 5*j**3/6 - 14*j**2. Calculate the remainder when h(6) is divided by 14.
13
Let f(m) = 62*m - 720. What is the remainder when f(15) is divided by 71?
68
Let t = -18 - -13. Let d(u) = -u**2 - 6*u - 2. What is the remainder when 13 is divided by d(t)?
1
Let v = 987 + -864. What is the remainder when v is divided by 14?
11
Let j = -1167 - -1198. What is the remainder when j is divided by 4?
3
Let r(o) = 11*o**2 + 2*o - 2. Calculate the remainder when r(2) is divided by ((-408)/(-119))/(4/14).
10
Suppose 7*b + 40*b - 5029 = 0. Calculate the remainder when 747 is divided by b.
105
Let f(k) = 3 + 3 + 5 - 9*k - 8. Calculate the remainder when f(-4) is divided by 8.
7
Let n be (-30)/(-4) - 9/(-6). Suppose 13*q = n*q + 116. Suppose -5*f = 2*z - 74, 6*z = 4*f + z - 79. Calculate the remainder when q is divided by f.
13
Suppose 2*o + 5*s - 7 = -1, -6 = -2*o - s. What is the remainder when (-57 + -1)*3*(-1)/o is divided by 12?
10
Let c(j) = -j**3 + 12*j**2 - 11*j + 5. Let w be c(11). Suppose 3*q - 85 = -4*u, -2*q = 3*q - w*u - 165. Calculate the remainder when q is divided by 8.
7
Suppose 0 = 4*a - 3*w + 38, -a - 6*w = -w - 2. Let s(x) = x + 25. What is the remainder when 32 is divided by s(a)?
15
Calculate the remainder when 8/44 - (-1 + 174/(-11)) is divided by 9.
8
Suppose -2*r - 4 = 0, r = 2*s + 6*r - 36. What is the remainder when 153 is divided by s?
15
Suppose 3*z + 2*w = 642, -z + 4*w + 836 = 3*z. Let c = -25 + z. Suppose 3*f + c = 2*i, i + 4*f - 61 = 16. What is the remainder when i is divided by 23?
20
Suppose 4*d - 38 = -30, -5*d = -5*b + 30. Calculate the remainder when 54 is divided by b.
6
Let a(i) = -i + 7. Let l = -15 + 65. Suppose -4*q = -2*g + l, -2*g - q + 86 = 4*q. What is the remainder when g is divided by a(-5)?
9
Let f(y) = 4*y**2 - 7*y - 24. What is the remainder when f(-5) is divided by 36?
3
Suppose 0 = -6*i + 3*i. Suppose i = u - 0*u - 23. What is the remainder when u is divided by 12?
11
Suppose -17 - 31 = -16*t. What is the remainder when 23 is divided by t?
2
What is the remainder when (-20)/((-20)/5)*4/2 is divided by 8?
2
Let k = 136 - 63. Suppose -k = -7*h + 18. What is the remainder when 101 is divided by h?
10
Let h(q) = q**2 - 7*q - 4. Suppose 0 = 14*p - 3 - 123. Let s(f) = f**3 + 7*f**2 + 4*f - 5. Calculate the remainder when s(-5) is divided by h(p).
11
Suppose 2*j + 280 = 9*j. Let a be 17 + (-6 - 6/(-2)). What is the remainder when j is divided by 6/21 + 192/a?
12
Let x(w) = 3*w - 12. Let z(a) = a + 8. Let p be z(6). What is the remainder when x(p) is divided by 11?
8
Suppose 17*q - 511 = 628. What is the remainder when q is divided by 56?
11
Let t = 38 - 7. Let u be (16/10)/((-5)/100). Let j = u + 92. Calculate the remainder when j is divided by t.
29
Suppose -3*p - 27*p = -1530. Suppose 6*v - 3*v = 27. What is the remainder when p is divided by v?
6
Suppose 0 = -4*n + w + 9 + 10, 3*n - 24 = 4*w. Let m(b) = -b**2 + 9*b + 9. Let p be m(9). Calculate the remainder when 21/p*3 - -4 is divided by n.
3
Suppose i + 44 = 2*i. Suppose a + 0*a - 19 = 5*t, -4*t - i = -4*a. Let c(u) = -4*u + 25. What is the remainder when a is divided by c(5)?
4
Calculate the remainder when 150 is divided by -2 + 16 - 0/(-6 - -3).
10
Suppose -8*t - 977 = -1769. What is the remainder when t is divided by 49?
1
Let z(s) = s**3 + 12*s**2 - s - 12. Let f be z(-12). Suppose f = -4*m - 3*j + 293, -2*j = -5*m + j + 400. What is the remainder when m is divided by 20?
17
Let o(d) = -3*d**3 + 47*d**2 - 6*d + 11. What is the remainder when o(14) is divided by 101?
99
Calculate the remainder when 0